{"version":"1.0","provider_name":"Konyhabuli","provider_url":"https:\/\/konyhabuli.cafeblog.hu","author_name":"Konyhabuli","author_url":"https:\/\/konyhabuli.cafeblog.hu\/author\/konyhabuli\/","title":"T\u00f6lt\u00f6tt cip\u00f3","html":"<a href=\"https:\/\/konyhabuli.cafeblog.hu\/files\/2013\/11\/531783_640067629336669_557712944_n-1.jpg\"><img class=\"alignnone size-large wp-image-28\" alt=\"531783_640067629336669_557712944_n (1)\" src=\"https:\/\/konyhabuli.cafeblog.hu\/files\/2013\/11\/531783_640067629336669_557712944_n-1-600x336.jpg\" width=\"600\" height=\"336\" \/><\/a>\r\n\r\n&nbsp;\r\n\r\n&nbsp;\r\n\r\nKis csal\u00e1dom nagy kedvence ez a t\u00f6ltel\u00e9kt\u0151l dagadoz\u00f3 gy\u00f6ny\u00f6r\u0171s\u00e9g :-) Amellett hogy nagyon finom, praktikus is: a h\u0171t\u0151ben kall\u00f3d\u00f3 marad\u00e9k felv\u00e1gottak, szal\u00e1mik nagyon j\u00f3l felhaszn\u00e1lhat\u00f3ak a megt\u00f6lt\u00e9s\u00e9re. Tapasztalat, hogy az utols\u00f3 egy - k\u00e9t szelet, fene sem tudja mi\u00e9rt, de mindig a h\u0171t\u0151 m\u00e9ly\u00e9n k\u00f6t ki :-)\r\n\r\nVegy\u00fcnk egy sz\u00e9p kerek cip\u00f3t. A tetej\u00e9t v\u00e1gjuk le, majd a bel\u00e9t sz\u00e9pen kaparjuk ki, \u00fagy hogy k\u00f6rben a sz\u00e9l\u00e9n\u00e9l maradjon benne kicsi. \/ A kiszedett keny\u00e9r bel\u00e9t megsz\u00e1r\u00edthatjuk zsemlemorzs\u00e1nak, vagy lefagyaszthatjuk, \u00e9s t\u00f6ltel\u00e9kekbe felhaszn\u00e1lhat\u00f3\/. A cip\u00f3 belsej\u00e9t kenj\u00fck meg valamilyen szendvicskr\u00e9mmel, vagy ha nincs akkor csak sim\u00e1n vajjal. \u00c9n currys toj\u00e1skr\u00e9mmel kenegettem k\u00f6rbe \/ez is felker\u00fcl hamarosan :-) \/ Ut\u00e1na r\u00e9tegesen belepakolhatjuk a felv\u00e1gottat, sajtot, paprik\u00e1t, lila hagym\u00e1t, szal\u00e1mit...... tulajdonk\u00e9ppen b\u00e1rmit amit szeret\u00fcnk, vagy ami \u00e9ppen van otthon.\r\n\r\nUt\u00e1na visszahelyezz\u00fck a tetej\u00e9t, majd folpackkal \u00a0szorosan k\u00f6rbe tekerj\u00fck. Egy \u00e9jszak\u00e1ra tegy\u00fck h\u0171t\u0151be, \u00e9s tegy\u00fcnk r\u00e1 valami nehez\u00e9ket . Tudom aj\u00e1nlani a vaskos versesk\u00f6teteket :-) El\u0151sz\u00f6r k\u00e9tes pillant\u00e1sokkal m\u00e9regettek ez\u00e9rt, de ma m\u00e1r \u00a0\u00f6r\u00fclnek ha k\u00f6nyvet tal\u00e1lnak a h\u0171t\u0151ben :-)\r\n\r\nK\u00edv\u00e1nok j\u00f3 \u00e9tv\u00e1gyat hozz\u00e1! :-)\r\n\r\n&nbsp;\r\n\r\n&nbsp;\r\n\r\n&nbsp;","type":"rich"}

Töltött cipó

<a href="https://konyhabuli.cafeblog.hu/files/2013/11/531783_640067629336669_557712944_n-1.jpg"><img class="alignnone size-large wp-image-28" alt="531783_640067629336669_557712944_n (1)" src="https://konyhabuli.cafeblog.hu/files/2013/11/531783_640067629336669_557712944_n-1-600x336.jpg" width="600" height="336" /></a>

&nbsp;

&nbsp;

Kis családom nagy kedvence ez a tölteléktől dagadozó gyönyörűség :-) Amellett hogy nagyon finom, praktikus is: a hűtőben kallódó maradék felvágottak, szalámik nagyon jól felhasználhatóak a megtöltésére. Tapasztalat, hogy az utolsó egy - két szelet, fene sem tudja miért, de mindig a hűtő mélyén köt ki :-)

Vegyünk egy szép kerek cipót. A tetejét vágjuk le, majd a belét szépen kaparjuk ki, úgy hogy körben a szélénél maradjon benne kicsi. / A kiszedett kenyér belét megszáríthatjuk zsemlemorzsának, vagy lefagyaszthatjuk, és töltelékekbe felhasználható/. A cipó belsejét kenjük meg valamilyen szendvicskrémmel, vagy ha nincs akkor csak simán vajjal. Én currys tojáskrémmel kenegettem körbe /ez is felkerül hamarosan :-) / Utána rétegesen belepakolhatjuk a felvágottat, sajtot, paprikát, lila hagymát, szalámit...... tulajdonképpen bármit amit szeretünk, vagy ami éppen van otthon.

Utána visszahelyezzük a tetejét, majd folpackkal  szorosan körbe tekerjük. Egy éjszakára tegyük hűtőbe, és tegyünk rá valami nehezéket . Tudom ajánlani a vaskos versesköteteket :-) Először kétes pillantásokkal méregettek ezért, de ma már  örülnek ha könyvet találnak a hűtőben :-)

Kívánok jó étvágyat hozzá! :-)

&nbsp;

&nbsp;

&nbsp;
